{"id":192,"date":"2014-09-07T01:58:01","date_gmt":"2014-09-07T01:58:01","guid":{"rendered":"http:\/\/societeartistiquedecharlesbourg.com\/sac\/?page_id=192"},"modified":"2014-09-07T02:07:39","modified_gmt":"2014-09-07T02:07:39","slug":"liens","status":"publish","type":"page","link":"https:\/\/www.societeartistiquedecharlesbourg.com\/?page_id=192","title":{"rendered":"Liens"},"content":{"rendered":"<h2>Acc\u00e9dez \u00e0 des ressources connexes<\/h2>\n<ul>\n<li><a title=\"Artistes\" href=\"http:\/\/societeartistiquedecharlesbourg.com\/sac\/?page_id=109\">Pages d&rsquo;artistes membres de la Soci\u00e9t\u00e9 artistique de Charlesbourg<\/a><\/li>\n<li><a title=\"Autres liens\" href=\"http:\/\/societeartistiquedecharlesbourg.com\/sac\/?page_id=189\">Autres liens pertinents<\/a><\/li>\n<\/ul>\n","protected":false},"excerpt":{"rendered":"<p>Acc\u00e9dez \u00e0 des ressources connexes Pages d&rsquo;artistes membres de la Soci\u00e9t\u00e9 artistique de Charlesbourg Autres liens pertinents<\/p>\n","protected":false},"author":1,"featured_media":0,"parent":0,"menu_order":0,"comment_status":"closed","ping_status":"closed","template":"","meta":{"footnotes":""},"class_list":["post-192","page","type-page","status-publish","hentry","description-off"],"_links":{"self":[{"href":"https:\/\/www.societeartistiquedecharlesbourg.com\/index.php?rest_route=\/wp\/v2\/pages\/192","targetHints":{"allow":["GET"]}}],"collection":[{"href":"https:\/\/www.societeartistiquedecharlesbourg.com\/index.php?rest_route=\/wp\/v2\/pages"}],"about":[{"href":"https:\/\/www.societeartistiquedecharlesbourg.com\/index.php?rest_route=\/wp\/v2\/types\/page"}],"author":[{"embeddable":true,"href":"https:\/\/www.societeartistiquedecharlesbourg.com\/index.php?rest_route=\/wp\/v2\/users\/1"}],"replies":[{"embeddable":true,"href":"https:\/\/www.societeartistiquedecharlesbourg.com\/index.php?rest_route=%2Fwp%2Fv2%2Fcomments&post=192"}],"version-history":[{"count":3,"href":"https:\/\/www.societeartistiquedecharlesbourg.com\/index.php?rest_route=\/wp\/v2\/pages\/192\/revisions"}],"predecessor-version":[{"id":198,"href":"https:\/\/www.societeartistiquedecharlesbourg.com\/index.php?rest_route=\/wp\/v2\/pages\/192\/revisions\/198"}],"wp:attachment":[{"href":"https:\/\/www.societeartistiquedecharlesbourg.com\/index.php?rest_route=%2Fwp%2Fv2%2Fmedia&parent=192"}],"curies":[{"name":"wp","href":"https:\/\/api.w.org\/{rel}","templated":true}]}}