{"id":100,"date":"2014-06-15T01:54:13","date_gmt":"2014-06-15T01:54:13","guid":{"rendered":"http:\/\/societeartistiquedecharlesbourg.com\/sac\/?page_id=100"},"modified":"2018-08-16T21:17:08","modified_gmt":"2018-08-17T02:17:08","slug":"exposants","status":"publish","type":"page","link":"https:\/\/www.societeartistiquedecharlesbourg.com\/?page_id=100","title":{"rendered":"Pour exposer"},"content":{"rendered":"<div class=\"wpb-content-wrapper\"><p>[vc_row margin_top=\u00a0\u00bb0&Prime; margin_bottom=\u00a0\u00bb25&Prime; padding_left=\u00a0\u00bb40&Prime; padding_right=\u00a0\u00bb40&Prime; bg_position=\u00a0\u00bbtop\u00a0\u00bb bg_repeat=\u00a0\u00bbno-repeat\u00a0\u00bb bg_cover=\u00a0\u00bbfalse\u00a0\u00bb bg_attachment=\u00a0\u00bbfalse\u00a0\u00bb padding_top=\u00a0\u00bb40&Prime; padding_bottom=\u00a0\u00bb40&Prime; parallax_speed=\u00a0\u00bb0.1&Prime;][vc_column][vc_column_text]<\/p>\n<h2>Exposer dans nos galeries vous int\u00e9resse?<\/h2>\n<p>&nbsp;<\/p>\n<p>Depuis sa fondation en 1975, la Soci\u00e9t\u00e9 artistique de Charlesbourg a \u0153uvr\u00e9 \u00e0 la diffusion des arts visuels, notamment par la tenue de nombreuses expositions et \u00e9v\u00e8nements dans des lieux patrimoniaux \u00e0 vocation mus\u00e9ale sp\u00e9cialement am\u00e9nag\u00e9s et \u00e9quip\u00e9s pour les expositions, dans un but non lucratif et \u00e9ducatif.<\/p>\n<p>Au cours des ans, de nombreux artistes se sont succ\u00e9d\u00e9s dans nos galeries et y ont affich\u00e9 leur savoir-faire. Plusieurs \u00e9taient d\u00e9j\u00e0 connus et d\u2019autres en voie de le devenir, professionnels ou non, dans de multiples disciplines des arts visuels, autant dans le domaine pictural que sculptural.<\/p>\n<p>Notre programmation pr\u00e9voit plusieurs plages d\u2019expositions. Nous nous effor\u00e7ons, par une s\u00e9lection parmi les candidatures, de les rendre vari\u00e9es, int\u00e9ressantes et instructives pour les visiteurs.<\/p>\n<p>Vous voulez en profiter? Il suffit de pr\u00e9senter un dossier de candidature, candidature qui peut \u00eatre individuelle ou collective.<\/p>\n<h3>POUR EXPOSER<\/h3>\n<p>Remplissez le <a href=\"http:\/\/societeartistiquedecharlesbourg.com\/sac\/wp-content\/uploads\/2014\/11\/Formulaire-de-candidature-Exposant.pdf\">formulaire de candidature destin\u00e9 aux exposants<\/a>\u00a0et transmettez-le nous!<\/p>\n<p>&nbsp;<\/p>\n<hr \/>\n<h3><\/h3>\n<h3>La Soci\u00e9t\u00e9 artistique de Charlesbourg vous propose :<\/h3>\n<ul>\n<li>Des lieux d\u2019exposition de qualit\u00e9, dans un environnement historique, ouverts au public durant les fins de semaine, vous sont propos\u00e9s sans frais pour des expositions d\u2019une dur\u00e9e de trois semaines, seules des commissions sont exig\u00e9es sur les ventes conclues. Les conditions d\u2019exposition et d\u2019utilisation des lieux peuvent \u00eatre communiqu\u00e9es sur demande.<\/li>\n<li>Une \u00e9quipe de b\u00e9n\u00e9voles encadre l\u2019artiste tout au long de son exposition, de sa pr\u00e9paration \u00e0 sa conclusion.<\/li>\n<\/ul>\n<p>Il vous suffit de pr\u00e9senter un dossier de candidature qui doit obligatoirement contenir les \u00e9l\u00e9ments suivants:<\/p>\n<ul>\n<li>Formulaire de candidature rempli<\/li>\n<li>Curriculum vitae de l\u2019artiste \u00e0 jour<\/li>\n<li>D\u00e9marche artistique (moins d\u2019une page)<\/li>\n<li>Liste des expositions r\u00e9centes et dates (si applicable)<\/li>\n<li>10 photos d\u2019\u0153uvres r\u00e9centes en haute r\u00e9solution,\u00a0leurs dimensions et le support sur lesquelles elles sont cr\u00e9\u00e9es<\/li>\n<li>Proposition de th\u00e8me d\u2019exposition et date(s) potentielle(s)<\/li>\n<\/ul>\n<p>Les r\u00e9f\u00e9rences \u00e0 des dossiers de presse ou \u00e0 des sites internet sont accept\u00e9es mais ne sont consid\u00e9r\u00e9es que comme information additionnelle.<\/p>\n<p>Les dossiers peuvent \u00eatre d\u00e9pos\u00e9s informatiquement sur CD ou cl\u00e9 USB.<\/p>\n<p>&nbsp;<\/p>\n<h3>Suivi du dossier de candidature<\/h3>\n<p>Sur r\u00e9ception, un accus\u00e9 de r\u00e9ception est envoy\u00e9 et le dossier est remis aux responsables de galerie pour \u00e9valuation. Une r\u00e9ponse est envoy\u00e9e suite \u00e0 l\u2019\u00e9valuation. Une p\u00e9riode d\u2019exposition est ensuite propos\u00e9e et fix\u00e9e apr\u00e8s entente avec le ou les candidats.[\/vc_column_text][\/vc_column][\/vc_row][vc_row margin_top=\u00a0\u00bb0&Prime; margin_bottom=\u00a0\u00bb0&Prime; padding_left=\u00a0\u00bb40&Prime; padding_right=\u00a0\u00bb40&Prime; type=\u00a0\u00bb1&Prime; bg_position=\u00a0\u00bbtop\u00a0\u00bb bg_repeat=\u00a0\u00bbno-repeat\u00a0\u00bb bg_cover=\u00a0\u00bbfalse\u00a0\u00bb bg_attachment=\u00a0\u00bbfalse\u00a0\u00bb padding_top=\u00a0\u00bb40&Prime; padding_bottom=\u00a0\u00bb40&Prime; parallax_speed=\u00a0\u00bb0.1&Prime;][vc_column width=\u00a0\u00bb1\/1&Prime;][vc_column_text]<\/p>\n<h3 style=\"text-align: center;\">VISIONNER LE PLAN DES GALERIES D&rsquo;ART<\/h3>\n<p>[\/vc_column_text][\/vc_column][\/vc_row][vc_row margin_top=\u00a0\u00bb0&Prime; margin_bottom=\u00a0\u00bb0&Prime; padding_left=\u00a0\u00bb40&Prime; padding_right=\u00a0\u00bb40&Prime; animation=\u00a0\u00bbscale-up\u00a0\u00bb type=\u00a0\u00bb1&Prime; bg_position=\u00a0\u00bbtop\u00a0\u00bb bg_repeat=\u00a0\u00bbno-repeat\u00a0\u00bb bg_cover=\u00a0\u00bbfalse\u00a0\u00bb bg_attachment=\u00a0\u00bbfalse\u00a0\u00bb padding_top=\u00a0\u00bb40&Prime; padding_bottom=\u00a0\u00bb40&Prime; parallax_speed=\u00a0\u00bb0.1&Prime;][vc_column width=\u00a0\u00bb1\/2&Prime;][vc_column_text]<\/p>\n<p style=\"text-align: center;\">Galerie d&rsquo;art du Trait-Carr\u00e9<br \/>\n<em>(Maison Pierre-Lefebvre)<\/em><\/p>\n<p style=\"text-align: center;\"><img decoding=\"async\" class=\"alignnone wp-image-54 size-thumbnail\" src=\"http:\/\/societeartistiquedecharlesbourg.com\/sac\/wp-content\/uploads\/2014\/06\/Maisons-005-150x150.jpg\" alt=\"Maisons 005\" width=\"150\" height=\"150\" \/><\/p>\n<p style=\"text-align: center;\"><strong><a href=\"http:\/\/societeartistiquedecharlesbourg.com\/sac\/wp-content\/uploads\/2014\/06\/Plan-Maison-Lefebvre-RC.pdf\" target=\"_blank\" rel=\"noopener\">Plan &#8211; rez-de-chauss\u00e9e<\/a><\/strong><\/p>\n<p>[\/vc_column_text][\/vc_column][vc_column width=\u00a0\u00bb1\/2&Prime;][vc_column_text]<\/p>\n<p style=\"text-align: center;\">Galerie d&rsquo;art Magella-Paradis<br \/>\n<em>(Maison Magella-Paradis)<\/em><\/p>\n<p><img decoding=\"async\" class=\"aligncenter wp-image-53 size-thumbnail\" src=\"http:\/\/societeartistiquedecharlesbourg.com\/sac\/wp-content\/uploads\/2014\/06\/Maisons-001-150x150.jpg\" alt=\"Maisons 001\" width=\"150\" height=\"150\" \/><\/p>\n<p style=\"text-align: center;\"><strong><a href=\"http:\/\/societeartistiquedecharlesbourg.com\/sac\/wp-content\/uploads\/2014\/06\/Plan-Maison-Magella-Paradis-RC-et-\u00e9tage.pdf\" target=\"_blank\" rel=\"noopener\">Plan &#8211; rez-de-chauss\u00e9e et \u00e9tage <\/a><\/strong><\/p>\n<p>[\/vc_column_text][\/vc_column][\/vc_row][vc_row margin_top=\u00a0\u00bb30&Prime; margin_bottom=\u00a0\u00bb30&Prime; padding_left=\u00a0\u00bb40&Prime; padding_right=\u00a0\u00bb40&Prime; bg_position=\u00a0\u00bbtop\u00a0\u00bb bg_repeat=\u00a0\u00bbno-repeat\u00a0\u00bb bg_cover=\u00a0\u00bbfalse\u00a0\u00bb bg_attachment=\u00a0\u00bbfalse\u00a0\u00bb padding_top=\u00a0\u00bb40&Prime; padding_bottom=\u00a0\u00bb40&Prime; parallax_speed=\u00a0\u00bb0.1&Prime; type=\u00a0\u00bb4&Prime;][vc_column width=\u00a0\u00bb1\/1&Prime;][vc_column_text][\/vc_column_text][\/vc_column][\/vc_row][vc_row margin_top=\u00a0\u00bb25&Prime; margin_bottom=\u00a0\u00bb0&Prime; padding_left=\u00a0\u00bb40&Prime; padding_right=\u00a0\u00bb40&Prime; bg_position=\u00a0\u00bbtop\u00a0\u00bb bg_repeat=\u00a0\u00bbno-repeat\u00a0\u00bb bg_cover=\u00a0\u00bbfalse\u00a0\u00bb bg_attachment=\u00a0\u00bbfalse\u00a0\u00bb padding_top=\u00a0\u00bb40&Prime; padding_bottom=\u00a0\u00bb40&Prime; parallax_speed=\u00a0\u00bb0.1&Prime;][vc_column width=\u00a0\u00bb1\/1&Prime;][vc_column_text]<\/p>\n<p><a title=\"Nous joindre\" href=\"http:\/\/societeartistiquedecharlesbourg.com\/sac\/?page_id=18\">Communiquez avec nous<\/a> pour toute demande d&rsquo;information.[\/vc_column_text][\/vc_column][\/vc_row]<\/p>\n<\/div>","protected":false},"excerpt":{"rendered":"<p>[vc_row margin_top=\u00a0\u00bb0&Prime; margin_bottom=\u00a0\u00bb25&Prime; padding_left=\u00a0\u00bb40&Prime; padding_right=\u00a0\u00bb40&Prime; bg_position=\u00a0\u00bbtop\u00a0\u00bb bg_repeat=\u00a0\u00bbno-repeat\u00a0\u00bb bg_cover=\u00a0\u00bbfalse\u00a0\u00bb bg_attachment=\u00a0\u00bbfalse\u00a0\u00bb padding_top=\u00a0\u00bb40&Prime; padding_bottom=\u00a0\u00bb40&Prime; parallax_speed=\u00a0\u00bb0.1&Prime;][vc_column][vc_column_text] Exposer dans nos galeries vous int\u00e9resse? &nbsp; Depuis sa fondation en 1975, la Soci\u00e9t\u00e9 artistique de Charlesbourg a \u0153uvr\u00e9 \u00e0 la diffusion des arts visuels, notamment par la tenue de nombreuses expositions et \u00e9v\u00e8nements dans des lieux patrimoniaux \u00e0 vocation mus\u00e9ale sp\u00e9cialement am\u00e9nag\u00e9s&hellip;<\/p>\n","protected":false},"author":1,"featured_media":0,"parent":0,"menu_order":0,"comment_status":"closed","ping_status":"closed","template":"","meta":{"footnotes":""},"class_list":["post-100","page","type-page","status-publish","hentry","description-off"],"_links":{"self":[{"href":"https:\/\/www.societeartistiquedecharlesbourg.com\/index.php?rest_route=\/wp\/v2\/pages\/100","targetHints":{"allow":["GET"]}}],"collection":[{"href":"https:\/\/www.societeartistiquedecharlesbourg.com\/index.php?rest_route=\/wp\/v2\/pages"}],"about":[{"href":"https:\/\/www.societeartistiquedecharlesbourg.com\/index.php?rest_route=\/wp\/v2\/types\/page"}],"author":[{"embeddable":true,"href":"https:\/\/www.societeartistiquedecharlesbourg.com\/index.php?rest_route=\/wp\/v2\/users\/1"}],"replies":[{"embeddable":true,"href":"https:\/\/www.societeartistiquedecharlesbourg.com\/index.php?rest_route=%2Fwp%2Fv2%2Fcomments&post=100"}],"version-history":[{"count":26,"href":"https:\/\/www.societeartistiquedecharlesbourg.com\/index.php?rest_route=\/wp\/v2\/pages\/100\/revisions"}],"predecessor-version":[{"id":547,"href":"https:\/\/www.societeartistiquedecharlesbourg.com\/index.php?rest_route=\/wp\/v2\/pages\/100\/revisions\/547"}],"wp:attachment":[{"href":"https:\/\/www.societeartistiquedecharlesbourg.com\/index.php?rest_route=%2Fwp%2Fv2%2Fmedia&parent=100"}],"curies":[{"name":"wp","href":"https:\/\/api.w.org\/{rel}","templated":true}]}}

<div class="wpb-content-wrapper"><p>[vc_row margin_top= »0&Prime; margin_bottom= »25&Prime; padding_left= »40&Prime; padding_right= »40&Prime; bg_position= »top » bg_repeat= »no-repeat » bg_cover= »false » bg_attachment= »false » padding_top= »40&Prime; padding_bottom= »40&Prime; parallax_speed= »0.1&Prime;][vc_column][vc_column_text]</p>
<h2>Exposer dans nos galeries vous intéresse?</h2>
<p>&nbsp;</p>
<p>Depuis sa fondation en 1975, la Société artistique de Charlesbourg a œuvré à la diffusion des arts visuels, notamment par la tenue de nombreuses expositions et évènements dans des lieux patrimoniaux à vocation muséale spécialement aménagés et équipés pour les expositions, dans un but non lucratif et éducatif.</p>
<p>Au cours des ans, de nombreux artistes se sont succédés dans nos galeries et y ont affiché leur savoir-faire. Plusieurs étaient déjà connus et d’autres en voie de le devenir, professionnels ou non, dans de multiples disciplines des arts visuels, autant dans le domaine pictural que sculptural.</p>
<p>Notre programmation prévoit plusieurs plages d’expositions. Nous nous efforçons, par une sélection parmi les candidatures, de les rendre variées, intéressantes et instructives pour les visiteurs.</p>
<p>Vous voulez en profiter? Il suffit de présenter un dossier de candidature, candidature qui peut être individuelle ou collective.</p>
<h3>POUR EXPOSER</h3>
<p>Remplissez le <a href="http://societeartistiquedecharlesbourg.com/sac/wp-content/uploads/2014/11/Formulaire-de-candidature-Exposant.pdf">formulaire de candidature destiné aux exposants</a> et transmettez-le nous!</p>
<p>&nbsp;</p>
<hr />
<h3></h3>
<h3>La Société artistique de Charlesbourg vous propose :</h3>
<ul>
<li>Des lieux d’exposition de qualité, dans un environnement historique, ouverts au public durant les fins de semaine, vous sont proposés sans frais pour des expositions d’une durée de trois semaines, seules des commissions sont exigées sur les ventes conclues. Les conditions d’exposition et d’utilisation des lieux peuvent être communiquées sur demande.</li>
<li>Une équipe de bénévoles encadre l’artiste tout au long de son exposition, de sa préparation à sa conclusion.</li>
</ul>
<p>Il vous suffit de présenter un dossier de candidature qui doit obligatoirement contenir les éléments suivants:</p>
<ul>
<li>Formulaire de candidature rempli</li>
<li>Curriculum vitae de l’artiste à jour</li>
<li>Démarche artistique (moins d’une page)</li>
<li>Liste des expositions récentes et dates (si applicable)</li>
<li>10 photos d’œuvres récentes en haute résolution, leurs dimensions et le support sur lesquelles elles sont créées</li>
<li>Proposition de thème d’exposition et date(s) potentielle(s)</li>
</ul>
<p>Les références à des dossiers de presse ou à des sites internet sont acceptées mais ne sont considérées que comme information additionnelle.</p>
<p>Les dossiers peuvent être déposés informatiquement sur CD ou clé USB.</p>
<p>&nbsp;</p>
<h3>Suivi du dossier de candidature</h3>
<p>Sur réception, un accusé de réception est envoyé et le dossier est remis aux responsables de galerie pour évaluation. Une réponse est envoyée suite à l’évaluation. Une période d’exposition est ensuite proposée et fixée après entente avec le ou les candidats.[/vc_column_text][/vc_column][/vc_row][vc_row margin_top= »0&Prime; margin_bottom= »0&Prime; padding_left= »40&Prime; padding_right= »40&Prime; type= »1&Prime; bg_position= »top » bg_repeat= »no-repeat » bg_cover= »false » bg_attachment= »false » padding_top= »40&Prime; padding_bottom= »40&Prime; parallax_speed= »0.1&Prime;][vc_column width= »1/1&Prime;][vc_column_text]</p>
<h3 style="text-align: center;">VISIONNER LE PLAN DES GALERIES D&rsquo;ART</h3>
<p>[/vc_column_text][/vc_column][/vc_row][vc_row margin_top= »0&Prime; margin_bottom= »0&Prime; padding_left= »40&Prime; padding_right= »40&Prime; animation= »scale-up » type= »1&Prime; bg_position= »top » bg_repeat= »no-repeat » bg_cover= »false » bg_attachment= »false » padding_top= »40&Prime; padding_bottom= »40&Prime; parallax_speed= »0.1&Prime;][vc_column width= »1/2&Prime;][vc_column_text]</p>
<p style="text-align: center;">Galerie d&rsquo;art du Trait-Carré<br />
<em>(Maison Pierre-Lefebvre)</em></p>
<p style="text-align: center;"><img decoding="async" class="alignnone wp-image-54 size-thumbnail" src="http://societeartistiquedecharlesbourg.com/sac/wp-content/uploads/2014/06/Maisons-005-150x150.jpg" alt="Maisons 005" width="150" height="150" /></p>
<p style="text-align: center;"><strong><a href="http://societeartistiquedecharlesbourg.com/sac/wp-content/uploads/2014/06/Plan-Maison-Lefebvre-RC.pdf" target="_blank" rel="noopener">Plan &#8211; rez-de-chaussée</a></strong></p>
<p>[/vc_column_text][/vc_column][vc_column width= »1/2&Prime;][vc_column_text]</p>
<p style="text-align: center;">Galerie d&rsquo;art Magella-Paradis<br />
<em>(Maison Magella-Paradis)</em></p>
<p><img decoding="async" class="aligncenter wp-image-53 size-thumbnail" src="http://societeartistiquedecharlesbourg.com/sac/wp-content/uploads/2014/06/Maisons-001-150x150.jpg" alt="Maisons 001" width="150" height="150" /></p>
<p style="text-align: center;"><strong><a href="http://societeartistiquedecharlesbourg.com/sac/wp-content/uploads/2014/06/Plan-Maison-Magella-Paradis-RC-et-étage.pdf" target="_blank" rel="noopener">Plan &#8211; rez-de-chaussée et étage </a></strong></p>
<p>[/vc_column_text][/vc_column][/vc_row][vc_row margin_top= »30&Prime; margin_bottom= »30&Prime; padding_left= »40&Prime; padding_right= »40&Prime; bg_position= »top » bg_repeat= »no-repeat » bg_cover= »false » bg_attachment= »false » padding_top= »40&Prime; padding_bottom= »40&Prime; parallax_speed= »0.1&Prime; type= »4&Prime;][vc_column width= »1/1&Prime;][vc_column_text][/vc_column_text][/vc_column][/vc_row][vc_row margin_top= »25&Prime; margin_bottom= »0&Prime; padding_left= »40&Prime; padding_right= »40&Prime; bg_position= »top » bg_repeat= »no-repeat » bg_cover= »false » bg_attachment= »false » padding_top= »40&Prime; padding_bottom= »40&Prime; parallax_speed= »0.1&Prime;][vc_column width= »1/1&Prime;][vc_column_text]</p>
<p><a title="Nous joindre" href="http://societeartistiquedecharlesbourg.com/sac/?page_id=18">Communiquez avec nous</a> pour toute demande d&rsquo;information.[/vc_column_text][/vc_column][/vc_row]</p>
</div>

<p>[vc_row margin_top= »0&Prime; margin_bottom= »25&Prime; padding_left= »40&Prime; padding_right= »40&Prime; bg_position= »top » bg_repeat= »no-repeat » bg_cover= »false » bg_attachment= »false » padding_top= »40&Prime; padding_bottom= »40&Prime; parallax_speed= »0.1&Prime;][vc_column][vc_column_text] Exposer dans nos galeries vous intéresse? &nbsp; Depuis sa fondation en 1975, la Société artistique de Charlesbourg a œuvré à la diffusion des arts visuels, notamment par la tenue de nombreuses expositions et évènements dans des lieux patrimoniaux à vocation muséale spécialement aménagés&hellip;</p>
