{"id":76,"date":"2014-06-15T01:06:10","date_gmt":"2014-06-15T01:06:10","guid":{"rendered":"http:\/\/societeartistiquedecharlesbourg.com\/sac\/?page_id=76"},"modified":"2014-10-01T23:15:55","modified_gmt":"2014-10-01T23:15:55","slug":"nos-lieux","status":"publish","type":"page","link":"http:\/\/www.societeartistiquedecharlesbourg.com\/?page_id=76","title":{"rendered":"Nos Lieux"},"content":{"rendered":"<h2>Deux galeries d&rsquo;art dans un lieu historique magnifique<\/h2>\n<p>La Soci\u00e9t\u00e9 artistique de Charlesbourg g\u00e8re deux maisons patrimoniales situ\u00e9es dans le cadre enchanteur du Trait-Carr\u00e9 de Charlesbourg. Ces maisons plus que centenaires, pr\u00e9serv\u00e9es dans l\u2019esprit de leurs b\u00e2tisseurs, sont les t\u00e9moins de l&rsquo;histoire de Charlesbourg et ont \u00e9t\u00e9 adapt\u00e9es pour la pr\u00e9sentation d&rsquo;exposition en arts visuels<\/p>\n<p>&nbsp;<\/p>\n<hr \/>\n<p>&nbsp;<\/p>\n<ul>\n<li>\n<h3>Maison Pierre-Lefebvre (Galerie d&rsquo;art du Trait-Carr\u00e9)<\/h3>\n<\/li>\n<\/ul>\n<p style=\"padding-left: 30px;\"><a href=\"http:\/\/societeartistiquedecharlesbourg.com\/sac\/wp-content\/uploads\/2014\/06\/maison-PL-2.jpg\"><img fetchpriority=\"high\" decoding=\"async\" class=\"alignleft wp-image-242 size-medium\" src=\"http:\/\/societeartistiquedecharlesbourg.com\/sac\/wp-content\/uploads\/2014\/06\/maison-PL-2-300x224.jpg\" alt=\"\" width=\"300\" height=\"224\" srcset=\"http:\/\/www.societeartistiquedecharlesbourg.com\/sac\/wp-content\/uploads\/2014\/06\/maison-PL-2-300x224.jpg 300w, http:\/\/www.societeartistiquedecharlesbourg.com\/sac\/wp-content\/uploads\/2014\/06\/maison-PL-2-1024x768.jpg 1024w\" sizes=\"(max-width: 300px) 100vw, 300px\" \/><\/a><\/p>\n<p style=\"padding-left: 30px;\"><strong>Administration<br \/>\n<\/strong>7985, Trait-Carr\u00e9 Est<br \/>\nQu\u00e9bec &#8211; Arrondissement Charlesbourg<br \/>\nG1H 2Z1<br \/>\nT\u00e9l.: 418 623-1877<\/p>\n<p>&nbsp;<\/p>\n<p>&nbsp;<\/p>\n<p>&nbsp;<\/p>\n<p>&nbsp;<\/p>\n<ul>\n<li>\n<h3 style=\"text-align: left;\">Maison Magella-Paradis (Galerie d&rsquo;art Magella-Paradis)<\/h3>\n<\/li>\n<\/ul>\n<p style=\"padding-left: 30px;\"><img decoding=\"async\" class=\"alignleft wp-image-158 size-medium\" src=\"http:\/\/societeartistiquedecharlesbourg.com\/sac\/wp-content\/uploads\/2014\/07\/MagellaParadis_1920-300x199.jpg\" alt=\"MagellaParadis_1920\" width=\"300\" height=\"199\" srcset=\"http:\/\/www.societeartistiquedecharlesbourg.com\/sac\/wp-content\/uploads\/2014\/07\/MagellaParadis_1920-300x199.jpg 300w, http:\/\/www.societeartistiquedecharlesbourg.com\/sac\/wp-content\/uploads\/2014\/07\/MagellaParadis_1920-1024x681.jpg 1024w, http:\/\/www.societeartistiquedecharlesbourg.com\/sac\/wp-content\/uploads\/2014\/07\/MagellaParadis_1920.jpg 1950w\" sizes=\"(max-width: 300px) 100vw, 300px\" \/>7970, Trait-Carr\u00e9 Est<br \/>\nQu\u00e9bec &#8211; Arrondissement Charlesbourg<br \/>\nG1H 2Z2<br \/>\nT\u00e9l.: 418 624-7961<\/p>\n<p>&nbsp;<\/p>\n<p>&nbsp;<\/p>\n<p>&nbsp;<\/p>\n<p>&nbsp;<\/p>\n<hr \/>\n<p>&nbsp;<\/p>\n<p>N&rsquo;h\u00e9sitez pas \u00e0 <a title=\"Nous joindre\" href=\"http:\/\/societeartistiquedecharlesbourg.com\/sac\/?page_id=18\">nous contacter<\/a> pour toute demande d&rsquo;information ou soyez au courant <a title=\"Nouvelles\" href=\"http:\/\/societeartistiquedecharlesbourg.com\/sac\/?page_id=27\">des derni\u00e8res nouvelles<\/a>.<\/p>\n","protected":false},"excerpt":{"rendered":"<p>Deux galeries d&rsquo;art dans un lieu historique magnifique La Soci\u00e9t\u00e9 artistique de Charlesbourg g\u00e8re deux maisons patrimoniales situ\u00e9es dans le cadre enchanteur du Trait-Carr\u00e9 de Charlesbourg. Ces maisons plus que centenaires, pr\u00e9serv\u00e9es dans l\u2019esprit de leurs b\u00e2tisseurs, sont les t\u00e9moins de l&rsquo;histoire de Charlesbourg et ont \u00e9t\u00e9 adapt\u00e9es pour la pr\u00e9sentation d&rsquo;exposition en arts visuels&hellip;<\/p>\n","protected":false},"author":1,"featured_media":0,"parent":0,"menu_order":0,"comment_status":"closed","ping_status":"closed","template":"","meta":{"footnotes":""},"class_list":["post-76","page","type-page","status-publish","hentry","description-off"],"_links":{"self":[{"href":"http:\/\/www.societeartistiquedecharlesbourg.com\/index.php?rest_route=\/wp\/v2\/pages\/76","targetHints":{"allow":["GET"]}}],"collection":[{"href":"http:\/\/www.societeartistiquedecharlesbourg.com\/index.php?rest_route=\/wp\/v2\/pages"}],"about":[{"href":"http:\/\/www.societeartistiquedecharlesbourg.com\/index.php?rest_route=\/wp\/v2\/types\/page"}],"author":[{"embeddable":true,"href":"http:\/\/www.societeartistiquedecharlesbourg.com\/index.php?rest_route=\/wp\/v2\/users\/1"}],"replies":[{"embeddable":true,"href":"http:\/\/www.societeartistiquedecharlesbourg.com\/index.php?rest_route=%2Fwp%2Fv2%2Fcomments&post=76"}],"version-history":[{"count":11,"href":"http:\/\/www.societeartistiquedecharlesbourg.com\/index.php?rest_route=\/wp\/v2\/pages\/76\/revisions"}],"predecessor-version":[{"id":243,"href":"http:\/\/www.societeartistiquedecharlesbourg.com\/index.php?rest_route=\/wp\/v2\/pages\/76\/revisions\/243"}],"wp:attachment":[{"href":"http:\/\/www.societeartistiquedecharlesbourg.com\/index.php?rest_route=%2Fwp%2Fv2%2Fmedia&parent=76"}],"curies":[{"name":"wp","href":"https:\/\/api.w.org\/{rel}","templated":true}]}}